{"id":17,"date":"2023-09-15T19:06:59","date_gmt":"2023-09-15T19:06:59","guid":{"rendered":"https:\/\/test2.rjwebb.se\/?page_id=17"},"modified":"2025-01-12T13:13:16","modified_gmt":"2025-01-12T13:13:16","slug":"start","status":"publish","type":"page","link":"https:\/\/lyhordahander.se\/","title":{"rendered":"Start"},"content":{"rendered":"\t\t<div data-elementor-type=\"wp-page\" data-elementor-id=\"17\" class=\"elementor elementor-17\" data-elementor-settings=\"[]\">\n\t\t\t\t\t\t\t<div class=\"elementor-section-wrap\">\n\t\t\t\t\t\t\t<section class=\"elementor-section elementor-top-section elementor-element elementor-element-1292312 elementor-section-boxed elementor-section-height-default elementor-section-height-default\" data-id=\"1292312\" data-element_type=\"section\">\n\t\t\t\t\t\t<div class=\"elementor-container elementor-column-gap-default\">\n\t\t\t\t\t<div class=\"elementor-column elementor-col-33 elementor-top-column elementor-element elementor-element-787fe8b\" data-id=\"787fe8b\" data-element_type=\"column\">\n\t\t\t<div class=\"elementor-widget-wrap elementor-element-populated\">\n\t\t\t\t\t\t\t\t<div class=\"elementor-element elementor-element-b2f492d elementor-aspect-ratio-916 elementor-widget elementor-widget-video\" data-id=\"b2f492d\" data-element_type=\"widget\" data-settings=\"{&quot;video_type&quot;:&quot;hosted&quot;,&quot;autoplay&quot;:&quot;yes&quot;,&quot;mute&quot;:&quot;yes&quot;,&quot;aspect_ratio&quot;:&quot;916&quot;}\" data-widget_type=\"video.default\">\n\t\t\t\t<div class=\"elementor-widget-container\">\n\t\t\t<style>\/*! elementor - v3.5.1 - 20-12-2021 *\/\n.elementor-widget-video .elementor-widget-container{overflow:hidden;-webkit-transform:translateZ(0);transform:translateZ(0)}.elementor-widget-video .elementor-open-inline .elementor-custom-embed-image-overlay{position:absolute;top:0;left:0;width:100%;height:100%;-webkit-background-size:cover;background-size:cover;background-position:50%}.elementor-widget-video .elementor-custom-embed-image-overlay{cursor:pointer;text-align:center}.elementor-widget-video .elementor-custom-embed-image-overlay:hover .elementor-custom-embed-play i{opacity:1}.elementor-widget-video .elementor-custom-embed-image-overlay img{display:block;width:100%}.elementor-widget-video .e-hosted-video .elementor-video{-o-object-fit:cover;object-fit:cover}<\/style>\t\t<div class=\"e-hosted-video elementor-wrapper elementor-fit-aspect-ratio elementor-open-inline\">\n\t\t\t\t\t<video class=\"elementor-video\" src=\"https:\/\/lyhordahander.se\/wp-content\/uploads\/2024\/06\/Snapinsta.app_video_An_MS4lrzt3HOWQzZv942aSzaJ_nTWdkUq49RhgY6q1yYl3r2yZkGrRHIsOKH8FtwucrofSTfxR9hrS3Bg6z6LM.mp4\" autoplay=\"\" muted=\"muted\" controlsList=\"nodownload\"><\/video>\n\t\t\t\t<\/div>\n\t\t\t\t<\/div>\n\t\t\t\t<\/div>\n\t\t\t\t\t<\/div>\n\t\t<\/div>\n\t\t\t\t<div class=\"elementor-column elementor-col-33 elementor-top-column elementor-element elementor-element-446750f\" data-id=\"446750f\" data-element_type=\"column\">\n\t\t\t<div class=\"elementor-widget-wrap elementor-element-populated\">\n\t\t\t\t\t\t\t\t<div class=\"elementor-element elementor-element-3a589be elementor-widget elementor-widget-text-editor\" data-id=\"3a589be\" data-element_type=\"widget\" data-widget_type=\"text-editor.default\">\n\t\t\t\t<div class=\"elementor-widget-container\">\n\t\t\t<style>\/*! elementor - v3.5.1 - 20-12-2021 *\/\n.elementor-widget-text-editor.elementor-drop-cap-view-stacked .elementor-drop-cap{background-color:#818a91;color:#fff}.elementor-widget-text-editor.elementor-drop-cap-view-framed .elementor-drop-cap{color:#818a91;border:3px solid;background-color:transparent}.elementor-widget-text-editor:not(.elementor-drop-cap-view-default) .elementor-drop-cap{margin-top:8px}.elementor-widget-text-editor:not(.elementor-drop-cap-view-default) .elementor-drop-cap-letter{width:1em;height:1em}.elementor-widget-text-editor .elementor-drop-cap{float:left;text-align:center;line-height:1;font-size:50px}.elementor-widget-text-editor .elementor-drop-cap-letter{display:inline-block}<\/style>\t\t\t\t<p>V\u00e4lkommen till Lyh\u00f6rda H\u00e4nder &#8211; din oas f\u00f6r avslappning och v\u00e4lm\u00e5ende mitt i Stockholm (Enskede). Vi erbjuder en m\u00e5ngfald av massagebehandlingar skr\u00e4ddarsydda f\u00f6r att \u00e5terst\u00e4lla balansen i kropp och sinne.<\/p>\n<p>V\u00e5r expertis str\u00e4cker sig fr\u00e5n klassisk massage till helkroppsmassage, halvkroppsmassage, lymfmassage och taktil behandling. Oavsett om du s\u00f6ker en eng\u00e5ngsbehandling f\u00f6r att lindra stress och sp\u00e4nningar eller en regelbunden \u00e5terkommande session f\u00f6r att investera i ditt v\u00e4lm\u00e5ende, \u00e4r Lyh\u00f6rda H\u00e4nder h\u00e4r f\u00f6r dig.<\/p>\n<p>Vad som g\u00f6r oss unika \u00e4r v\u00e5r dedikation till din komfort och trygghet. Som grundare av Lyh\u00f6rda H\u00e4nder \u00e4r jag stolt \u00f6ver att erbjuda en plats d\u00e4r du kan k\u00e4nna dig helt bekv\u00e4m och v\u00e4lkommen, oavsett din kroppsform eller bakgrund. Som blind mass\u00f6r f\u00f6rst\u00e5r jag vikten av att skapa en milj\u00f6 d\u00e4r varje individ kan slappna av och njuta av en terapeutisk upplevelse utan oro.<\/p>\t\t\t\t\t\t<\/div>\n\t\t\t\t<\/div>\n\t\t\t\t<div class=\"elementor-element elementor-element-ec0f4b6 elementor-widget elementor-widget-html\" data-id=\"ec0f4b6\" data-element_type=\"widget\" data-widget_type=\"html.default\">\n\t\t\t\t<div class=\"elementor-widget-container\">\n\t\t\t<a href=\"https:\/\/www.reco.se\/lyhordalyhorda-hander-katarinas-massage-coach\">\r\n<img decoding=\"async\" src=\"https:\/\/www.reco.se\/share\/lyhordalyhorda-hander-katarinas-massage-coach\/image\/download.jpg?ratio=1:1\" alt=\"Bild p\u00e5 omd\u00f6men\" style=\"width:400px;height:400px;\">\r\n<\/a>\t\t<\/div>\n\t\t\t\t<\/div>\n\t\t\t\t\t<\/div>\n\t\t<\/div>\n\t\t\t\t<div class=\"elementor-column elementor-col-33 elementor-top-column elementor-element elementor-element-68122e0\" data-id=\"68122e0\" data-element_type=\"column\">\n\t\t\t<div class=\"elementor-widget-wrap elementor-element-populated\">\n\t\t\t\t\t\t\t\t<div class=\"elementor-element elementor-element-eac5628 elementor-widget elementor-widget-image\" data-id=\"eac5628\" data-element_type=\"widget\" data-widget_type=\"image.default\">\n\t\t\t\t<div class=\"elementor-widget-container\">\n\t\t\t<style>\/*! elementor - v3.5.1 - 20-12-2021 *\/\n.elementor-widget-image{text-align:center}.elementor-widget-image a{display:inline-block}.elementor-widget-image a img[src$=\".svg\"]{width:48px}.elementor-widget-image img{vertical-align:middle;display:inline-block}<\/style>\t\t\t\t\t\t\t\t\t\t\t\t<img loading=\"lazy\" decoding=\"async\" width=\"768\" height=\"1024\" src=\"https:\/\/lyhordahander.se\/wp-content\/uploads\/2024\/05\/IMG_5039-768x1024.jpg\" class=\"attachment-large size-large\" alt=\"\" srcset=\"https:\/\/lyhordahander.se\/wp-content\/uploads\/2024\/05\/IMG_5039-768x1024.jpg 768w, https:\/\/lyhordahander.se\/wp-content\/uploads\/2024\/05\/IMG_5039-225x300.jpg 225w, https:\/\/lyhordahander.se\/wp-content\/uploads\/2024\/05\/IMG_5039-1152x1536.jpg 1152w, https:\/\/lyhordahander.se\/wp-content\/uploads\/2024\/05\/IMG_5039-1536x2048.jpg 1536w, https:\/\/lyhordahander.se\/wp-content\/uploads\/2024\/05\/IMG_5039-scaled.jpg 1920w\" sizes=\"auto, (max-width: 768px) 100vw, 768px\" \/>\t\t\t\t\t\t\t\t\t\t\t\t\t\t\t<\/div>\n\t\t\t\t<\/div>\n\t\t\t\t\t<\/div>\n\t\t<\/div>\n\t\t\t\t\t\t\t<\/div>\n\t\t<\/section>\n\t\t\t\t<section class=\"elementor-section elementor-top-section elementor-element elementor-element-50ff7c7 elementor-section-boxed elementor-section-height-default elementor-section-height-default\" data-id=\"50ff7c7\" data-element_type=\"section\">\n\t\t\t\t\t\t<div class=\"elementor-container elementor-column-gap-default\">\n\t\t\t\t\t<div class=\"elementor-column elementor-col-100 elementor-top-column elementor-element elementor-element-928710f\" data-id=\"928710f\" data-element_type=\"column\">\n\t\t\t<div class=\"elementor-widget-wrap elementor-element-populated\">\n\t\t\t\t\t\t\t\t<div class=\"elementor-element elementor-element-9c85a38 elementor-widget elementor-widget-text-editor\" data-id=\"9c85a38\" data-element_type=\"widget\" data-widget_type=\"text-editor.default\">\n\t\t\t\t<div class=\"elementor-widget-container\">\n\t\t\t\t\t\t\t<p>Min resa till att bli friskv\u00e5rdsmass\u00f6r och lymfmass\u00f6r b\u00f6rjade som en lycklig slump, men har utvecklats till en passion och ett kall. Jag str\u00e4var efter att erbjuda en holistisk upplevelse d\u00e4r varje behandling \u00e4r en m\u00f6jlighet till personlig tillv\u00e4xt och v\u00e4lbefinnande.<\/p><p>Taktil behandling \u00e4r en av v\u00e5ra specialiteter och \u00e4r idealisk f\u00f6r att lindra oro och stress. Genom en mild ber\u00f6ring p\u00e5 rygg, ben och br\u00f6stkorg, tillsammans med en avslutande ansiktsbehandling, skapar vi en milj\u00f6 f\u00f6r djup avkoppling och sinnesfrid. L\u00e5t oss guida dig till en stund av inre frid och v\u00e4lbefinnande.<\/p><p>Lyh\u00f6rda H\u00e4nder \u00e4r mer \u00e4n bara ett f\u00f6retag &#8211; det \u00e4r ett levande v\u00e4sen som v\u00e4xer och utvecklas tillsammans med v\u00e5ra kunder. Utforska v\u00e5ra behandlingar h\u00e4r p\u00e5 hemsidan eller boka din n\u00e4sta session f\u00f6r en upplevelse som \u00e4r skr\u00e4ddarsydd f\u00f6r dig.<\/p>\t\t\t\t\t\t<\/div>\n\t\t\t\t<\/div>\n\t\t\t\t<div class=\"elementor-element elementor-element-aa6b980 elementor-align-center elementor-widget elementor-widget-button\" data-id=\"aa6b980\" data-element_type=\"widget\" data-widget_type=\"button.default\">\n\t\t\t\t<div class=\"elementor-widget-container\">\n\t\t\t\t\t<div class=\"elementor-button-wrapper\">\n\t\t\t<a href=\"https:\/\/www.timecenter.se\/lyhordahander\/\" class=\"elementor-button-link elementor-button elementor-size-sm\" role=\"button\">\n\t\t\t\t\t\t<span class=\"elementor-button-content-wrapper\">\n\t\t\t\t\t\t<span class=\"elementor-button-text\">Boka tid<\/span>\n\t\t<\/span>\n\t\t\t\t\t<\/a>\n\t\t<\/div>\n\t\t\t\t<\/div>\n\t\t\t\t<\/div>\n\t\t\t\t\t<\/div>\n\t\t<\/div>\n\t\t\t\t\t\t\t<\/div>\n\t\t<\/section>\n\t\t\t\t\t\t<\/div>\n\t\t\t\t\t<\/div>\n\t\t","protected":false},"excerpt":{"rendered":"<p>https:\/\/lyhordahander.se\/wp-content\/uploads\/2024\/06\/Snapinsta.app_video_An_MS4lrzt3HOWQzZv942aSzaJ_nTWdkUq49RhgY6q1yYl3r2yZkGrRHIsOKH8FtwucrofSTfxR9hrS3Bg6z6LM.mp4 V\u00e4lkommen till Lyh\u00f6rda H\u00e4nder &#8211; din oas f\u00f6r avslappning och v\u00e4lm\u00e5ende mitt i Stockholm (Enskede). Vi erbjuder en m\u00e5ngfald av massagebehandlingar skr\u00e4ddarsydda f\u00f6r att \u00e5terst\u00e4lla balansen i kropp och sinne. V\u00e5r expertis str\u00e4cker sig fr\u00e5n klassisk massage till helkroppsmassage, halvkroppsmassage, lymfmassage och taktil behandling. Oavsett om du s\u00f6ker en eng\u00e5ngsbehandling f\u00f6r att lindra stress [&hellip;]<\/p>\n","protected":false},"author":1,"featured_media":0,"parent":0,"menu_order":0,"comment_status":"closed","ping_status":"closed","template":"","meta":{"footnotes":""},"class_list":["post-17","page","type-page","status-publish","hentry"],"yoast_head":"<!-- This site is optimized with the Yoast SEO plugin v21.1 - https:\/\/yoast.com\/wordpress\/plugins\/seo\/ -->\n<title>Massage i Stockholm | Lymfmassage - Helkroppsmassage - Taktil behandling<\/title>\n<meta name=\"description\" content=\"Boka massage i Stockholm | Klassisk massage - Helkroppsmassage - Halvkroppsmassage - Lymfmassage - Taktil Behandling | Lyh\u00f6rda h\u00e4nder\" \/>\n<meta name=\"robots\" content=\"index, follow, max-snippet:-1, max-image-preview:large, max-video-preview:-1\" \/>\n<link rel=\"canonical\" href=\"https:\/\/lyhordahander.se\/\" \/>\n<meta property=\"og:locale\" content=\"sv_SE\" \/>\n<meta property=\"og:type\" content=\"article\" \/>\n<meta property=\"og:title\" content=\"Massage i Stockholm | Lymfmassage - Helkroppsmassage - Taktil behandling\" \/>\n<meta property=\"og:description\" content=\"Boka massage i Stockholm | Klassisk massage - Helkroppsmassage - Halvkroppsmassage - Lymfmassage - Taktil Behandling | Lyh\u00f6rda h\u00e4nder\" \/>\n<meta property=\"og:url\" content=\"https:\/\/lyhordahander.se\/\" \/>\n<meta property=\"og:site_name\" content=\"Lyh\u00f6rda H\u00e4nder\" \/>\n<meta property=\"article:publisher\" content=\"https:\/\/www.facebook.com\/kattansmassage\" \/>\n<meta property=\"article:modified_time\" content=\"2025-01-12T13:13:16+00:00\" \/>\n<meta property=\"og:image\" content=\"https:\/\/www.reco.se\/share\/lyhordalyhorda-hander-katarinas-massage-coach\/image\/download.jpg?ratio=1:1\" \/>\n<meta name=\"twitter:card\" content=\"summary_large_image\" \/>\n<meta name=\"twitter:label1\" content=\"Ber\u00e4knad l\u00e4stid\" \/>\n\t<meta name=\"twitter:data1\" content=\"2 minuter\" \/>\n<script type=\"application\/ld+json\" class=\"yoast-schema-graph\">{\"@context\":\"https:\/\/schema.org\",\"@graph\":[{\"@type\":\"WebPage\",\"@id\":\"https:\/\/lyhordahander.se\/\",\"url\":\"https:\/\/lyhordahander.se\/\",\"name\":\"Massage i Stockholm | Lymfmassage - Helkroppsmassage - Taktil behandling\",\"isPartOf\":{\"@id\":\"https:\/\/lyhordahander.se\/#website\"},\"datePublished\":\"2023-09-15T19:06:59+00:00\",\"dateModified\":\"2025-01-12T13:13:16+00:00\",\"description\":\"Boka massage i Stockholm | Klassisk massage - Helkroppsmassage - Halvkroppsmassage - Lymfmassage - Taktil Behandling | Lyh\u00f6rda h\u00e4nder\",\"breadcrumb\":{\"@id\":\"https:\/\/lyhordahander.se\/#breadcrumb\"},\"inLanguage\":\"sv-SE\",\"potentialAction\":[{\"@type\":\"ReadAction\",\"target\":[\"https:\/\/lyhordahander.se\/\"]}]},{\"@type\":\"BreadcrumbList\",\"@id\":\"https:\/\/lyhordahander.se\/#breadcrumb\",\"itemListElement\":[{\"@type\":\"ListItem\",\"position\":1,\"name\":\"Hem\",\"item\":\"https:\/\/lyhordahander.se\/\"},{\"@type\":\"ListItem\",\"position\":2,\"name\":\"Start\"}]},{\"@type\":\"WebSite\",\"@id\":\"https:\/\/lyhordahander.se\/#website\",\"url\":\"https:\/\/lyhordahander.se\/\",\"name\":\"Lyh\u00f6rda H\u00e4nder\",\"description\":\"\",\"publisher\":{\"@id\":\"https:\/\/lyhordahander.se\/#organization\"},\"potentialAction\":[{\"@type\":\"SearchAction\",\"target\":{\"@type\":\"EntryPoint\",\"urlTemplate\":\"https:\/\/lyhordahander.se\/?s={search_term_string}\"},\"query-input\":\"required name=search_term_string\"}],\"inLanguage\":\"sv-SE\"},{\"@type\":[\"Organization\",\"Place\"],\"@id\":\"https:\/\/lyhordahander.se\/#organization\",\"name\":\"Lyh\u00f6rda H\u00e4nder\",\"url\":\"https:\/\/lyhordahander.se\/\",\"logo\":{\"@id\":\"https:\/\/lyhordahander.se\/#local-main-organization-logo\"},\"image\":{\"@id\":\"https:\/\/lyhordahander.se\/#local-main-organization-logo\"},\"sameAs\":[\"https:\/\/www.facebook.com\/kattansmassage\"],\"address\":{\"@id\":\"https:\/\/lyhordahander.se\/#local-main-place-address\"},\"openingHoursSpecification\":[{\"@type\":\"OpeningHoursSpecification\",\"dayOfWeek\":[\"Monday\",\"Tuesday\",\"Wednesday\",\"Thursday\",\"Friday\",\"Saturday\",\"Sunday\"],\"opens\":\"09:00\",\"closes\":\"17:00\"}],\"email\":\"info@lyhordahander.se\",\"areaServed\":\"Stockholm\"},{\"@type\":\"PostalAddress\",\"@id\":\"https:\/\/lyhordahander.se\/#local-main-place-address\",\"streetAddress\":\"Sandborgsv\u00e4gen 52\",\"addressLocality\":\"Enskede\",\"postalCode\":\"12233\",\"addressCountry\":\"SE\"},{\"@type\":\"ImageObject\",\"inLanguage\":\"sv-SE\",\"@id\":\"https:\/\/lyhordahander.se\/#local-main-organization-logo\",\"url\":\"https:\/\/lyhordahander.se\/wp-content\/uploads\/2023\/09\/Rityta-1-1.png\",\"contentUrl\":\"https:\/\/lyhordahander.se\/wp-content\/uploads\/2023\/09\/Rityta-1-1.png\",\"width\":705,\"height\":279,\"caption\":\"Lyh\u00f6rda H\u00e4nder\"}]}<\/script>\n<meta name=\"geo.placename\" content=\"Enskede\" \/>\n<meta name=\"geo.region\" content=\"Sverige\" \/>\n<!-- \/ Yoast SEO plugin. -->","yoast_head_json":{"title":"Massage i Stockholm | Lymfmassage - Helkroppsmassage - Taktil behandling","description":"Boka massage i Stockholm | Klassisk massage - Helkroppsmassage - Halvkroppsmassage - Lymfmassage - Taktil Behandling | Lyh\u00f6rda h\u00e4nder","robots":{"index":"index","follow":"follow","max-snippet":"max-snippet:-1","max-image-preview":"max-image-preview:large","max-video-preview":"max-video-preview:-1"},"canonical":"https:\/\/lyhordahander.se\/","og_locale":"sv_SE","og_type":"article","og_title":"Massage i Stockholm | Lymfmassage - Helkroppsmassage - Taktil behandling","og_description":"Boka massage i Stockholm | Klassisk massage - Helkroppsmassage - Halvkroppsmassage - Lymfmassage - Taktil Behandling | Lyh\u00f6rda h\u00e4nder","og_url":"https:\/\/lyhordahander.se\/","og_site_name":"Lyh\u00f6rda H\u00e4nder","article_publisher":"https:\/\/www.facebook.com\/kattansmassage","article_modified_time":"2025-01-12T13:13:16+00:00","og_image":[{"url":"https:\/\/www.reco.se\/share\/lyhordalyhorda-hander-katarinas-massage-coach\/image\/download.jpg?ratio=1:1"}],"twitter_card":"summary_large_image","twitter_misc":{"Ber\u00e4knad l\u00e4stid":"2 minuter"},"schema":{"@context":"https:\/\/schema.org","@graph":[{"@type":"WebPage","@id":"https:\/\/lyhordahander.se\/","url":"https:\/\/lyhordahander.se\/","name":"Massage i Stockholm | Lymfmassage - Helkroppsmassage - Taktil behandling","isPartOf":{"@id":"https:\/\/lyhordahander.se\/#website"},"datePublished":"2023-09-15T19:06:59+00:00","dateModified":"2025-01-12T13:13:16+00:00","description":"Boka massage i Stockholm | Klassisk massage - Helkroppsmassage - Halvkroppsmassage - Lymfmassage - Taktil Behandling | Lyh\u00f6rda h\u00e4nder","breadcrumb":{"@id":"https:\/\/lyhordahander.se\/#breadcrumb"},"inLanguage":"sv-SE","potentialAction":[{"@type":"ReadAction","target":["https:\/\/lyhordahander.se\/"]}]},{"@type":"BreadcrumbList","@id":"https:\/\/lyhordahander.se\/#breadcrumb","itemListElement":[{"@type":"ListItem","position":1,"name":"Hem","item":"https:\/\/lyhordahander.se\/"},{"@type":"ListItem","position":2,"name":"Start"}]},{"@type":"WebSite","@id":"https:\/\/lyhordahander.se\/#website","url":"https:\/\/lyhordahander.se\/","name":"Lyh\u00f6rda H\u00e4nder","description":"","publisher":{"@id":"https:\/\/lyhordahander.se\/#organization"},"potentialAction":[{"@type":"SearchAction","target":{"@type":"EntryPoint","urlTemplate":"https:\/\/lyhordahander.se\/?s={search_term_string}"},"query-input":"required name=search_term_string"}],"inLanguage":"sv-SE"},{"@type":["Organization","Place"],"@id":"https:\/\/lyhordahander.se\/#organization","name":"Lyh\u00f6rda H\u00e4nder","url":"https:\/\/lyhordahander.se\/","logo":{"@id":"https:\/\/lyhordahander.se\/#local-main-organization-logo"},"image":{"@id":"https:\/\/lyhordahander.se\/#local-main-organization-logo"},"sameAs":["https:\/\/www.facebook.com\/kattansmassage"],"address":{"@id":"https:\/\/lyhordahander.se\/#local-main-place-address"},"openingHoursSpecification":[{"@type":"OpeningHoursSpecification","dayOfWeek":["Monday","Tuesday","Wednesday","Thursday","Friday","Saturday","Sunday"],"opens":"09:00","closes":"17:00"}],"email":"info@lyhordahander.se","areaServed":"Stockholm"},{"@type":"PostalAddress","@id":"https:\/\/lyhordahander.se\/#local-main-place-address","streetAddress":"Sandborgsv\u00e4gen 52","addressLocality":"Enskede","postalCode":"12233","addressCountry":"SE"},{"@type":"ImageObject","inLanguage":"sv-SE","@id":"https:\/\/lyhordahander.se\/#local-main-organization-logo","url":"https:\/\/lyhordahander.se\/wp-content\/uploads\/2023\/09\/Rityta-1-1.png","contentUrl":"https:\/\/lyhordahander.se\/wp-content\/uploads\/2023\/09\/Rityta-1-1.png","width":705,"height":279,"caption":"Lyh\u00f6rda H\u00e4nder"}]}},"_links":{"self":[{"href":"https:\/\/lyhordahander.se\/index.php\/wp-json\/wp\/v2\/pages\/17","targetHints":{"allow":["GET"]}}],"collection":[{"href":"https:\/\/lyhordahander.se\/index.php\/wp-json\/wp\/v2\/pages"}],"about":[{"href":"https:\/\/lyhordahander.se\/index.php\/wp-json\/wp\/v2\/types\/page"}],"author":[{"embeddable":true,"href":"https:\/\/lyhordahander.se\/index.php\/wp-json\/wp\/v2\/users\/1"}],"replies":[{"embeddable":true,"href":"https:\/\/lyhordahander.se\/index.php\/wp-json\/wp\/v2\/comments?post=17"}],"version-history":[{"count":43,"href":"https:\/\/lyhordahander.se\/index.php\/wp-json\/wp\/v2\/pages\/17\/revisions"}],"predecessor-version":[{"id":199,"href":"https:\/\/lyhordahander.se\/index.php\/wp-json\/wp\/v2\/pages\/17\/revisions\/199"}],"wp:attachment":[{"href":"https:\/\/lyhordahander.se\/index.php\/wp-json\/wp\/v2\/media?parent=17"}],"curies":[{"name":"wp","href":"https:\/\/api.w.org\/{rel}","templated":true}]}}